-13 + 15. Calculate the remainder when m is divided by 11.
2
Suppose 1075*i - 1085*i = -2100. What is the remainder when i is divided by 44?
34
Suppose 3*u + 5*d = 602, -6*u + 2*u - 5*d = -811. What is the remainder when u is divided by 70?
69
Suppose -2*o - 3 = -5*o. Suppose -o = i - 2*i. What is the remainder when (i + -3 + 37)/1 is divided by 9?
8
Let t = 579 + -522. Calculate the remainder when 154 is divided by t.
40
Suppose 0 = -3*n + 2*f + 254, -3*n + 123 = 3*f - 126. What is the remainder when n is divided by 10?
4
Let l = -3174 + 3175. Let v(n) = -4*n**3 - 1. What is the remainder when v(-1) is divided by l?
0
Suppose -130 = 12*l - 22*l. Calculate the remainder when 119 is divided by l.
2
Let c = 384 - 372. What is the remainder when 101 is divided by c?
5
What is the remainder when 358 is divided by -24*((-161)/(-28) - 7)?
28
Suppose 0 = 6*k - 0*k - 108. Let o = 8 - -24. What is the remainder when o is divided by k?
14
Let k(d) = -d**3 - 13*d**2 + 48*d + 3. What is the remainder when 959 is divided by k(-16)?
2
Let c(f) = 2*f**2 - 15*f + 12. Let n be c(7). What is the remainder when 88 is divided by 3/15 + 89/n?
16
Suppose -4*j + 19 = -73. Let v(w) = w + 15. Let s be -7 - 0/(1 + 0). What is the remainder when j is divided by v(s)?
7
Let y = -2385 - -2504. What is the remainder when y is divided by 25?
19
Suppose -2*a + r - 1 = 0, 3*a + 5*r = 2*r + 21. Suppose n = 7*n + 2*n. Calculate the remainder when a is divided by 3 - n - ((-4 - -1) + 4).
0
Let m(s) = -s**3 + 5*s**2 + s - 1. Let b be m(5). Suppose -15 = -b*c + 3*c. Suppose c = 3*a - 9. Calculate the remainder when a is divided by 5.
3
Let i = 12 - 0. Let v be 88/18 - -4*9/324. What is the remainder when 85 is divided by (v + -2)/(i/88)?
19
Suppose -1574*s = -1580*s + 384. Let t = 2 + 15. Calculate the remainder when s is divided by t.
13
Let a(k) = -20*k - 1. Let w be a(-2). Suppose -w = -3*j + 69. Suppose -x + 30 + j = 0. Calculate the remainder when x is divided by 17.
15
Suppose 0 = 46*t - 731 - 833. Calculate the remainder when t is divided by 20.
14
Let a(v) = v**2 - 3*v + 3. Let w be a(3). Let t be (378/w - -3)*-1. Calculate the remainder when 3/(-5) - t/15 is divided by 5.
3
Let d(q) = -q**3 + 8*q**2 + q + 3. Let y be d(8). Suppose y = 4*b - 37. What is the remainder when 95 is divided by b?
11
Let r(b) = b + 1. Let g be (-14)/(-28) - (-41)/2. Let w = g - 16. What is the remainder when w is divided by r(4)?
0
Suppose 0*r - 10 = -2*r. Suppose -4*o - w + r = -3, -3*o = -2*w + 5. What is the remainder when 1 is divided by o?
0
Suppose -14*j - 21 = -7*j. What is the remainder when 60 is divided by (-1 - 0)*(-9 + 16)*j?
18
Let v be (-1)/(-4) - (-7689)/44. Suppose -165 = 2*k - 5*k - 3*f, 5*f + v = 4*k. Calculate the remainder when k is divided by 17.
16
Let f be (106/(-8))/((-2)/8). Let c = f - 34. Suppose -2*d + c = 3. Calculate the remainder when d is divided by 4.
0
Let p(k) = 5*k**2 + 7*k - 32. Calculate the remainder when p(5) is divided by 26.
24
Let p be (-21)/14*(-16)/3. Let g(z) = 6*z - 7. Let d be g(p). What is the remainder when 93 is divided by (d + 7)*(-1)/(-2)?
21
Calculate the remainder when 110 is divided by ((-2)/2)/(1/(-66)).
44
Suppose r = -7, -66 - 158 = -5*x + 2*r. Let j(l) = 21*l**2 + 2*l + 1. What is the remainder when j(-2) is divided by x?
39
Let f = -92 + 103. Calculate the remainder when 31 is divided by f.
9
Let j(g) = -g**3 + 35*g**2 - 31*g - 49. Calculate the remainder when 106 is divided by j(34).
0
Suppose -158 = -5*g - 38. Let h be (g/(-60))/((-1)/(-20)). Calculate the remainder when (-3)/(-2) + (-460)/h is divided by 15.
14
Let y = -1064 - -1073. Calculate the remainder when 188 is divided by y.
8
Calculate the remainder when 3312/20 + 4/10 is divided by (-11 + (-47)/(-4))/((-2)/(-112)).
40
Suppose -38*o + 15*o = -7452. What is the remainder when o is divided by 31?
14
Let u be -1*(-3 + 4 + -61). Suppose -4*k = -q + 78, 0 = q + 2*k + 3*k - u. What is the remainder when q is divided by 24?
22
Suppose 9 = o + 3*k - 6, 3*o - 3*k = -3. Let h be 0/6 + 10/2. Suppose 3*s + o*i = 4*s - 14, -22 = -h*s - i. Calculate the remainder when 12 is divided by s.
2
Let y(j) = -j**3 + 4 + 2 - 3*j - 12 - j**2. What is the remainder when 38 is divided by y(-3)?
17
Suppose -10*u - 4 = -12*u. Calculate the remainder when -2*(-1)/u + 44 is divided by (-5 - -1)/(2/(-6)).
9
Let v(m) = -m**3 + 9*m**2 + 3*m + 12. Let h(f) = 3*f**2 + 3*f + 3. Let i be h(-2). Suppose -8*r - 10 = -9*r. What is the remainder when v(i) is divided by r?
9
Let j(k) = -2*k**2 - 4*k. Let x be j(-3). Calculate the remainder when 2/x - (-1010)/15 is divided by 18.
13
What is the remainder when 358 is divided by (-128)/44 + (-5)/55 + 64?
53
Suppose 5*r - 7*r = 98. What is the remainder when 2/((-56)/r + (-3 - -2)) is divided by 5?
4
Let g(l) = 11*l**2 + 11. What is the remainder when 877 is divided by g(3)?
107
Suppose 3*r - 7*r + 52 = 0. Suppose w = -u - 0*w - r, 0 = -4*u - 3*w - 47. Calculate the remainder when 26/u*2*-2 is divided by 5.
3
Suppose 83*r - 89*r + 246 = 0. What is the remainder when 1309 is divided by r?
38
Let i = -88 - -70. Calculate the remainder when 43 is divided by i/63 - (-158)/14.
10
Let f(r) = 6*r - 3 - 4*r + 6*r + r. Calculate the remainder when 9 is divided by f(1).
3
Let p(n) = 333*n - 202. What is the remainder when p(1) is divided by 58?
15
Let k = -158 - -135. Let o = k + 44. What is the remainder when o is divided by 12?
9
Let x(g) = -2*g + 48. Suppose 24 = 5*z - 7*z. Calculate the remainder when x(z) is divided by (-2)/(-4) + (-49)/(-2).
22
Let b(m) = -1 + m + 1. Let v(i) = 5*i**2 + 2*i - 3. Let d(s) = 3*b(s) + v(s). Calculate the remainder when d(-4) is divided by 15.
12
Suppose 0 = -5*b + 5*c + 195, 4*b - 94 = c + 53. Calculate the remainder when b is divided by 19.
17
Let a = 631 - 485. Calculate the remainder when a is divided by 45.
11
Suppose 2*v - 2*a - 22 = 0, -3 = -6*v + 3*v - 3*a. Let r(l) = -2 + 3 + 2 - 5*l**2 - 6*l + 3 + l**3. Calculate the remainder when 22 is divided by r(v).
4
Calculate the remainder when 93 is divided by -6*(416/(-12))/4.
41
Suppose 5*s = 15 + 30. What is the remainder when 839/s - ((-16)/9 - -2) is divided by 26?
15
Suppose 579 + 11 = 3*d + 4*r, 2*r + 2 = 0. Suppose -u = -2*h - 126, -3*u + 2*h = -584 + d. Calculate the remainder when u is divided by 11.
9
Suppose -2201 - 391 = -4*j. Calculate the remainder when j is divided by 21.
18
Let j be 21/2*(-8)/(-6). Suppose 0 = 4*h - 2*h - j. Let x(g) = -g**3 + 7*g**2 + 12*g - 6. Calculate the remainder when x(8) is divided by h.
5
Let x(y) = 3*y**2 - 12*y + 25. Calculate the remainder when x(9) is divided by 27.
25
Suppose -2*d - d = 21. Let r = d - -54. What is the remainder when r is divided by 10?
7
Calculate the remainder when (-6)/(2/2) - (15 + -82) is divided by 31 - -2 - (2 - 0).
30
Let p(r) = 4*r**2 - 5*r - 12. What is the remainder when 121 is divided by p(5)?
58
Suppose 2*f - 386 = 178. What is the remainder when f is divided by 71?
69
Let w(h) = 134*h - 180. Calculate the remainder when w(2) is divided by 11.
0
Calculate the remainder when 235 is divided by (-16)/(-5 - 48/(-10)).
75
Let l(o) = -4*o + 11. Let p be l(7). Let c(d) = -d**3 - 18*d**2 - 18*d + 11. What is the remainder when c(p) is divided by 11?
6
Suppose 3*r = -0*r + 1500. Suppose 0 = 4*c + c - r. What is the remainder when c is divided by 17?
15
Suppose 3*h = -12 + 156. What is the remainder when h is divided by (65/(-15))/((-11)/(-33) - 4/6)?
9
Suppose -4*q = -3*i + 14, 0*q - 3*q - 12 = -3*i. Calculate the remainder when (-11)/(-3) - 3/(-9) is divided by i.
0
Let r(f) = f**3 + 16*f**2 + 28*f + 11. What is the remainder when 87/(-2)*4/(-6) is divided by r(-14)?
7
Calculate the remainder when 217 is divided by 3 + -11 + 6 - (-76 + 1).
71
Let q(h) = -h**2 + 18*h + 18. Calculate the remainder when (-21 - 1)/((-4)/6) is divided by q(0).
15
Let f = 73 + -51. Calculate the remainder when (5 - 2)/(9/246) - -2 is divided by f.
18
Let a(q) = 7*q + 67. What is the remainder when 57 is divided by a(-9)?
1
Let p = -4027 - -4041. Calculate the remainder when (-218)/(-4) - (-1)/(-2) is divided by p.
12
What is the remainder when 103 is divided by (19/(285/(-12)))/((-2)/55)?
15
Let t = -6 + 14. Calculate the remainder when 1 - 